4)/(v/(-10)) a composite number?
False
Let r(c) = 17980*c**3 + 3*c**2 - 9*c + 5. Is r(2) a composite number?
True
Let k = 11 - 41. Is (-1 - 7608)/(-31 - k) a composite number?
True
Let f = 658003 + -346896. Is f composite?
True
Let f be (4/(32/12))/((-2)/13116). Let j = -5565 - f. Suppose 2*v + 5*a - 2831 = 0, 0*v = -3*v + a + j. Is v a prime number?
True
Suppose 2*q - 669958 = -4*u, -4*q + 288677 = -4*u - 1051203. Is q composite?
False
Let q(d) = 53*d - 3. Let i be q(-8). Let g = 746 + i. Is g composite?
True
Let a(g) = 8652*g**2 - 1216*g**2 - 51*g + 46*g - 8. Is a(-1) composite?
False
Is 32 + -24 + 199828/6 - 20/12 a composite number?
False
Let p = -3607 - -2233. Let d = 1672 - p. Is d composite?
True
Suppose -6*o = -5*o - 289. Let q = -107 + o. Is q/2 - (6/(-2) - -3) a prime number?
False
Let h(d) = 1243*d - 1978. Is h(53) a prime number?
True
Let q be (-24912 + -6)/((-18)/22 + 1). Is (q/165)/((-2)/10) a prime number?
True
Let y(p) = p**2 + 3*p + 5. Let w be y(-3). Suppose -7*n - 1477 = -3*l - 3*n, 5*n = w*l - 2470. Is l composite?
False
Let l be 3 + (-4 - -2 - 1) + 40. Let u = -35 + l. Suppose i - u*a - 243 = -0*a, -1004 = -4*i + 4*a. Is i a composite number?
True
Suppose -4*l - 41 = -5*g, -5*l = 2*g + 5 + 5. Suppose 8 = g*k + 63. Let s(d) = -d**3 - 10*d**2 + 5*d + 3. Is s(k) prime?
False
Let o(n) = -3*n**2 - 37*n - 16. Let g be o(-11). Is (7/g)/((-4)/(-44272)) composite?
False
Let x(m) = -5200*m - 33. Suppose -2*w + 25 = 2*c + 17, 5*c = w - 10. Is x(c) composite?
False
Let t = -3250 + 3503. Is t composite?
True
Let n be (-84)/(-70)*(-5)/(-2). Is (6 - 143)/(n/(-87)) composite?
True
Suppose 2*a - 94484 = -3*m + 118501, 0 = -4*m + 3*a + 283946. Is m a composite number?
False
Let y(g) be the third derivative of 11*g**5/60 - 11*g**4/24 + 5*g**3/6 - g**2. Suppose 0 = 69*m - 83 - 400. Is y(m) prime?
True
Suppose 4*r + 4 = 0, 86*j - 91*j + 585817 = -2*r. Is j a prime number?
True
Let g be (-10)/(-15) - (1 + 22900/(-12)). Is (g/(-8) - 5)*-2 a prime number?
True
Suppose -129*z + 181445 = -74*z. Is z composite?
False
Let b be 3 - 17/((-34)/18480). Suppose 0 = -15*f + 12*f + b. Suppose 3*h - 4*y = f, y + 4108 = -h + 5*h. Is h composite?
True
Let g be (-48976)/10 + (-18)/(-30). Let w = -2118 - g. Is w composite?
True
Suppose 0 = -h - 2*t + 8, -4*h + 7*h - 5*t + 20 = 0. Suppose -2*d - s + 1 = h, -5*d + s - 7 = -4*d. Let y(z) = -609*z - 7. Is y(d) a composite number?
True
Let v(h) = 470*h**2 - 5*h + 9. Suppose -5*u - 2 = -17. Let x(b) = -235*b**2 + 3*b - 5. Let y(q) = u*v(q) + 5*x(q). Is y(3) prime?
False
Suppose -70*r + 3719 = l - 78*r, 5*r = -25. Is l a composite number?
True
Suppose -2*p - 3*p + 504690 + 3988445 = 0. Is p composite?
True
Let a be -2 + 71380/(-14) - (-54)/(-126). Let q = a + 8099. Is q composite?
True
Let m(b) = 244*b + 93. Is m(32) composite?
False
Let a(o) = 3*o**2 + 21*o + 4. Let n be a(-7). Suppose 5434 = 2*s + 4*h, 0 = -2*s - n*h + 8*h + 5394. Is s prime?
True
Let r(a) = 6*a**2 + 190*a + 383. Is r(-90) composite?
False
Suppose -4*f - 4*p - 8 = 0, 3*f + 4 = 5*p - 10. Let n be 5 + -3*(f - -4). Is (563/(-2))/(n/(-4)) a composite number?
False
Let m(d) = -4*d + 3. Let l be m(14). Suppose -12*r + 3024 = -5*r. Let k = l + r. Is k composite?
False
Let n be -4 - (-2 - -5 - 10/1). Suppose 5*i = -g + n*g + 25, 0 = 5*i + g - 10. Is 1597 + -1 - (i/3 + -2) prime?
True
Suppose 3*r + 2*o - 4*o = -97, 0 = -4*r - 4*o - 156. Let p be -22038*(r/10 + 3). Suppose 3*d - s - 3*s - 6613 = 0, -5*d + 4*s = -p. Is d prime?
True
Suppose 4*i - 6*i - 2668 = -2*v, -v + 1331 = -2*i. Is v a prime number?
False
Suppose -5*q - 5*r = -q - 31, 4*q + r = 19. Suppose 0 = n - q*n + 6, n + 1946 = -4*o. Let a = o + 746. Is a prime?
False
Suppose -p = -2096 + 339. Suppose 5*m = -4*i - p + 10044, 5*m = -i + 8278. Is m composite?
True
Suppose 6*w + 105149 = 1429511. Is w prime?
False
Suppose 5*k = -g + 364328, 0 = 17*g - 19*g + 6*k + 728608. Is g a composite number?
False
Let g = 427 - 209. Suppose -n = -1599 - g. Is n a prime number?
False
Let g be 3/(0 - -3)*1 - -31059. Suppose 0 = -8*c + 18*c - g. Suppose 309 = 5*q - c. Is q a composite number?
False
Let b be (4 - 28/21)/(4/(-18)). Is (-6197*(-8)/b)/((-2)/3) composite?
False
Suppose -17695 + 3409 = -2*u. Let i = 12448 - u. Is i prime?
False
Let w = 185259 - 95308. Is w a prime number?
False
Suppose -32*z + 35*z + 4*a - 1005291 = 0, -z + 335129 = -4*a. Is z a composite number?
True
Let g be (0 - 4/(-24))*30. Suppose 5*u + d = 18963, 3*d + 5126 = g*u - 13845. Is u a prime number?
True
Suppose 38184635 + 43924644 = 104*v + 4290967. Is v prime?
False
Is 34215382/(-496)*(-12 - -4) a prime number?
True
Suppose 2*h - 4765 + 975 = 0. Let a(g) = -g**3 - 5*g**2 - 7*g - 30. Let z be a(-5). Suppose z*w - 4*w = h. Is w a composite number?
True
Let w = 6805 - 10030. Let c = 11236 - w. Is c prime?
True
Let r = 72 - 70. Suppose -r*p = 2*p - 1324. Is p a prime number?
True
Is (-1267759)/(-4) + (-2940)/(-560) composite?
True
Is ((-288)/648 - 7438810/(-9)) + 21/3 composite?
False
Suppose 40560 = 3*b - 3*u, 13514 = b - 0*u - 4*u. Let z = 19193 - b. Is z composite?
True
Suppose 0 = 5*m - 196092 - 218943 + 29780. Is m a composite number?
True
Let y(w) = -10485*w**3 + w**2 + w. Let t be y(-1). Suppose 43 - t = -2*i. Suppose 4*b = -2*x + 5226, -b + 3*x + i = 3*b. Is b a prime number?
False
Let v(t) = 3*t - 67. Let m be v(24). Let o(k) = -k**2 + 2. Let l be o(0). Suppose m*r - 2*j = 1295, 3*r = -l*j - j + 756. Is r prime?
True
Let u = 14 - 10. Let w be (14/1)/(u/(-20)). Let l = -33 - w. Is l a composite number?
False
Is (-3 - (-52)/12)*60229029/236 a composite number?
True
Let v(j) = -19188*j + 8753. Is v(-26) a composite number?
False
Suppose 472*d = 475*d - 57. Suppose -12468 = 7*q - d*q. Is q composite?
False
Let u be 42/28*20/3. Let t be 9/(270/372)*u. Suppose 5*w + 664 = 2*c + t, 3*c + 4*w - 787 = 0. Is c a composite number?
True
Let p(x) = 28*x**2 - 9*x + 187. Let v be p(38). Let g = v - 27970. Is g composite?
True
Let w(q) be the third derivative of 101/24*q**4 + 0*q - 20*q**2 - 5/3*q**3 + 0. Is w(3) a composite number?
False
Suppose p + p - 13 = -5*s, -5*p + 2*s - 40 = 0. Let y(r) be the third derivative of -113*r**4/12 - 19*r**3/6 + 224*r**2. Is y(p) prime?
False
Let b be 4760882/56 - (-2)/((-24)/9). Let x = b - 60048. Is x prime?
True
Suppose 0 = -m - 69598 + 482955. Is m a composite number?
True
Let h = 64748 + 23783. Is h composite?
True
Let c be 18/(-30) - (-9)/15. Let i be 4 - (-3 + 52 + c). Let y = 67 + i. Is y a prime number?
False
Suppose -3*w - g + 4*g + 18 = 0, 0 = -4*w + 5*g + 26. Let j(k) = -35*k**3 + k**2 - 2*k. Let h be j(-2). Suppose 4*s = -4*v + h + 888, -w = -4*s. Is v prime?
True
Suppose c - 11 = -5*s, 4*s = 2*s + 2. Is ((-12052)/c)/(4/(-6)) composite?
True
Let r(a) = 575*a**3 - 2*a**2 + 5*a - 168*a**3 - 6*a - 1. Let d(c) = -407*c**3 + 2*c**2 + 2*c + 1. Let s(f) = 3*d(f) + 4*r(f). Is s(2) composite?
False
Suppose -7333 - 10227 = -4*y. Suppose -3*o - 2610 = 3*w - 0*o, 0 = -5*w + 5*o - y. Let x = -461 - w. Is x a prime number?
False
Let d(x) = -x**3 - 29*x**2 - 11*x - 68. Let z be d(-29). Let l = -182 + z. Is l a prime number?
False
Let w(y) = y**3 + 3*y**2 - 5*y - 1. Let a be w(-4). Let s(b) = -1 + 0 - 9 + 3*b + 84*b. Is s(a) prime?
True
Let b(d) = 420*d**2 + 3*d - 1. Let z be b(1). Suppose 4*f = 5*y + 2*f, -2*y = -5*f. Suppose -h - h + z = y. Is h a prime number?
True
Suppose 0 = -3*z + 9, -2*z = -5*r - 3*z + 240788. Is r composite?
False
Let b(o) = -o**2 + 17*o - 98. Let y be b(14). Is (7/4 - 2) + (-44646)/y composite?
False
Suppose -172*k - 53490991 = -239*k. Is k prime?
True
Let u be 0/(6*4/(-8)). Suppose 5*y - 53455 = 5*z, 3*y + u*y - 5*z = 32081. Is y prime?
True
Let p be 2*(4 - (-33)/(-6) - -2). Let n be -833 + -4 - (0 - p). Is -1 - (-5)/((-5)/n) a composite number?
True
Suppose -16*n - 1462673 + 2782859 = -2760310. Is n a prime number?
False
Suppose -4*z + 16 = 0, 4*l + 4*z + 3 = 47. Let h(x) = -65*x + 1. Let k be h(1). Is k/(-224) - (-4709)/l composite?
False
Let a = 228633 + -126932. Suppose 27*d = a + 14588. Is d prime?
False
Suppose 41 - 61 = 2*g. Is 24836/(-35)*g/4 + 3 a prime number?
True
Let l be (-3)/(-1)*(-3237)/9*1. Let r = l - -2440. Is r composite?
False
Let w(r) = -1686*r + 739. Is w(-27) compo